051779037 prime?
False
Is 12806841323 a prime number?
True
Is 573878273 prime?
True
Is 5796697429 a composite number?
True
Is 7685804509 a prime number?
False
Is 58892887258 composite?
True
Is 44727361 a composite number?
True
Is 48229738451 a composite number?
False
Is 1510273757 a composite number?
False
Is 93246530079 composite?
True
Is 457131679 a composite number?
True
Is 590349481 composite?
False
Is 6553813471 prime?
False
Is 39478603519 a prime number?
True
Is 2465508439 composite?
True
Is 6401159159 composite?
False
Is 16938412147 composite?
True
Is 1177304253 composite?
True
Is 388355561 composite?
True
Is 13305807599 a prime number?
False
Is 8511870157 prime?
False
Is 7241714789 prime?
True
Is 1659987141 a prime number?
False
Is 768117305 a composite number?
True
Is 162566233 a prime number?
True
Is 131792503903 a composite number?
False
Is 129083023 a composite number?
True
Is 13160743117 composite?
True
Is 25928850839 prime?
False
Is 1088278753 a composite number?
True
Is 3144566819 composite?
True
Is 967291153 composite?
True
Is 1791210679 a composite number?
False
Is 22190844727 a prime number?
False
Is 477940009 a composite number?
True
Is 4031166941 a prime number?
True
Is 91890776171 prime?
True
Is 413645489 a prime number?
False
Is 26041715697 a composite number?
True
Is 8625126617 prime?
True
Is 3104936371 a composite number?
False
Is 16002156871 a composite number?
True
Is 6712016369 prime?
True
Is 15049265071 prime?
False
Is 1695540757 a prime number?
False
Is 488243267 composite?
True
Is 2876266429 composite?
True
Is 4373838449 prime?
True
Is 2539078079 a prime number?
False
Is 10374933053 prime?
True
Is 4711058279 a composite number?
False
Is 5034191059 composite?
True
Is 37715473459 prime?
True
Is 33896404645 a prime number?
False
Is 78548604293 prime?
True
Is 576397033 composite?
False
Is 2077161391 prime?
True
Is 404191481 prime?
True
Is 946803961 prime?
False
Is 597480943 a composite number?
False
Is 17377126523 a composite number?
True
Is 2335739069 a composite number?
True
Is 46199053 a composite number?
False
Is 1073659541 composite?
False
Is 21497618729 a prime number?
False
Is 4674592609 composite?
True
Is 299344774 a prime number?
False
Is 94464728051 a composite number?
False
Is 797324699 a composite number?
False
Is 142780045663 prime?
False
Is 2359243489 a composite number?
False
Is 14387861185 composite?
True
Is 8379541559 prime?
True
Is 142411777691 a composite number?
True
Is 1423142323 composite?
True
Is 7938591613 composite?
False
Is 1612117951 prime?
True
Is 3859198751 a prime number?
False
Is 10919179 prime?
False
Is 602332541 a composite number?
True
Is 649053602 a prime number?
False
Is 26818084466 a composite number?
True
Is 1194117533 composite?
True
Is 133342036855 a composite number?
True
Is 5896969381 a composite number?
True
Is 2069935961 a prime number?
False
Is 13503940741 composite?
True
Is 3512050489 prime?
True
Is 1419895601 a prime number?
False
Is 687982363 composite?
False
Is 3599835979 a composite number?
False
Is 23634487 a composite number?
False
Is 6112139687 prime?
True
Is 94440096937 a prime number?
False
Is 4736267183 prime?
True
Is 4602963643 prime?
False
Is 8879864387 composite?
False
Is 60481970429 composite?
False
Is 27107767227 a composite number?
True
Is 11078223781 a prime number?
True
Is 896665271 prime?
False
Is 37421185051 a prime number?
True
Is 5690184469 composite?
False
Is 59545479729 prime?
False
Is 531166873 a composite number?
True
Is 1255969357 a prime number?
False
Is 6225894149 a prime number?
True
Is 28138596511 composite?
False
Is 89409895 a composite number?
True
Is 40254182737 a prime number?
True
Is 6146937281 a composite number?
False
Is 93089894923 composite?
False
Is 2189424131 a composite number?
True
Is 624519907 a prime number?
False
Is 2056322537 prime?
True
Is 1025642851 a prime number?
True
Is 47988602741 a prime number?
True
Is 1056345091 prime?
True
Is 108268169 composite?
False
Is 31487948119 a composite number?
True
Is 6059454847 a prime number?
True
Is 1380362741 a composite number?
True
Is 1689659 a prime number?
True
Is 2814139891 composite?
False
Is 4581635347 a prime number?
True
Is 8981136841 prime?
False
Is 69531635 prime?
False
Is 14356166023 a prime number?
False
Is 52005413 a composite number?
True
Is 25419038941 prime?
False
Is 167591129 prime?
False
Is 925045133 a composite number?
True
Is 342906227 prime?
False
Is 1881108569 prime?
False
Is 8155411063 prime?
False
Is 1165054339 a composite number?
True
Is 1203556447 composite?
True
Is 5170437739 composite?
False
Is 4512433 composite?
True
Is 26836027651 a composite number?
False
Is 42106982 prime?
False
Is 4836025249 prime?
False
Is 926189587 composite?
True
Is 6334343031 composite?
True
Is 2800145417 prime?
True
Is 39228986561 a prime number?
False
Is 12677344105 a prime number?
False
Is 41064321307 composite?
False
Is 194497121321 composite?
False
Is 3049452213 a prime number?
False
Is 113693683 composite?
True
Is 7331116799 a composite number?
True
Is 1651761619 composite?
True
Is 2704987867 composite?
False
Is 1234225523 a composite number?
True
Is 448107238 a composite number?
True
Is 38681691637 a composite number?
False
Is 432863311 composite?
False
Is 4500332107 a composite number?
True
Is 664474787 a prime number?
False
Is 52617386921 a prime number?
False
Is 650937831 a composite number?
True
Is 838556869 composite?
False
Is 259824642533 composite?
False
Is 1801497211 a prime number?
True
Is 2806601407 composite?
True
Is 21132567013 composite?
True
Is 6096549149 composite?
False
Is 2136516901 a composite number?
True
Is 63984641209 a prime number?
False
Is 160380671 prime?
False
Is 537178367 a composite number?
True
Is 3225692003 a prime number?
True
Is 2882816689 composite?
False
Is 7710583037 a composite number?
False
Is 1937551843 a composite number?
True
Is 20399767 prime?
False
Is 2348387695 a prime number?
False
Is 115043098957 composite?
False
Is 107951461411 composite?
True
Is 37689641419 a prime number?
False
Is 33831361723 a composite number?
True
Is 34556754313 a prime number?
False
Is 70471116863 a prime number?
False
Is 2748004186 composite?
True
Is 13846773113 a prime number?
False
Is 1610954483 prime?
True
Is 1455672037 composite?
True
Is 47676282149 composite?
False
Is 44169387137 composite?
True
Is 54479913173 composite?
True
Is 68451687127 a composite number?
True
Is 140880339349 prime?
True
Is 1264129 composite?
False
Is 2573648029 composite?
False
Is 2659860893 a prime number?
False
Is 1695208547 a prime number?
False
Is 41248584371 composite?
True
Is 721802269 prime?
False
Is 13677264449 a composite number?
True
Is 67594352897 a composite number?
True
Is 14934701981 a prime number?
True
Is 1131619373 composite?
False
Is 89262559 composite?
True
Is 6039767551 composite?
False
Is 3128730121 prime?
False
Is 39518700251 composite?
True
Is 112079047 a composite number?
True
Is 226799016757 a composite number?
True
Is 30033869429 prime?
True
Is 4888993103 composite?
False
Is 54179859857 a prime number?
False
Is 12808623797 composite?
True
Is 10098076277 prime?
False
Is 1285389289 a composite number?
False
Is 404406133 a composite number?
False
Is 7580780717 prime?
True
Is 326900071 a prime number?
True
Is 6652433243 prime?
True
Is 30561648031 a prime number?
False
Is 23452726099 a composite number?
True
Is 81696659173 composite?
True
Is 27516221 composite?
False
Is 138903493 a prime number?
False
Is 570080801 a prime number?
True
Is 1560912343 a composite number?
True
Is 4161189967 prime?
False
Is 582761813 prime?
True
Is 12078697 a prime number?
True
Is 114049861 a composite number?
True
Is 85679543429 composite?
False
Is 5517189719 composite?
False
Is 445494223 prime?
True
Is 18046072139 prime?
True
Is 188352169 a composite number?
True
Is 95991527 a prime number?
False
Is 1017811459 composite?
True
Is 458218295 a composite number?
True
Is 142380751 a prime number?
True
Is 234796322555 a prime number?
False
Is 2382400597 prime?
True
Is 534043859 composite?
False
Is 230433209 a composite number?
False
Is 8705461807 a composite number?
True
Is 54889617871 prime?
False
Is 10165028821 prime?
True
Is 51485525999 composite?
False
Is 6921648541 prime?
F